at is the remainder when c is divided by 6?
3
Let p be 23 + (60/33 - 6/(-33)). Suppose -p*b + 31*b - 2382 = 0. What is the remainder when b is divided by 20?
17
Let y(g) = 19*g**2 - 13*g + 28. Let n be y(4). Let o = n + -266. Calculate the remainder when 69 is divided by o.
13
Let w be (8 + -5 + -8)*(-521)/5. Let n = -332 + w. What is the remainder when n is divided by 6?
3
Suppose 0 - 17 = 3*i + 5*y, -i - y - 5 = 0. Calculate the remainder when 119 is divided by 915/60 + 1/i.
14
Calculate the remainder when 16985 is divided by 298/5*335/268*(2 + 0).
148
Suppose 0 = 2*a - 3 + 5, 2*a + 155 = h. What is the remainder when 5197 is divided by h?
148
Let i = -9302 - -9313. What is the remainder when 642 is divided by i?
4
Calculate the remainder when (-75)/125 + -2 + (-5652)/(-20) is divided by 60.
40
Suppose 0 = 2*q - 7*q - 3*i + 73, 24 = 4*i. What is the remainder when 2969 is divided by q?
10
Suppose -7958 = -11*l - 1138. Calculate the remainder when 403 is divided by (l/68)/1 + (-18)/153.
7
Let c(j) = -2*j - 22*j**2 + 5*j**2 + 19*j + 27 - j**3. What is the remainder when c(-18) is divided by 17?
11
Suppose 4*t - 1830 = 806. Suppose -11*w = t - 3332. Calculate the remainder when w is divided by (-2718)/(-66) - 6/33.
38
Suppose 0 = 3*c - 3*d - 590 + 146, 296 = 2*c + 5*d. Calculate the remainder when 290 is divided by c.
142
Suppose 2*k + 13 = 3*k. Suppose -2*a + 243 = -5*v + 147, -4*a = -v - 120. What is the remainder when a is divided by k?
2
Let o(s) = -s**3 + 8*s**2 + 25*s - 24. Let b be o(10). Suppose 19*f + 63 = b*f. What is the remainder when f is divided by 4?
1
Let z be 9/6*(3 + (-4 - 1)). What is the remainder when 60*((-9)/z)/6 is divided by 6?
0
Let v = 11 + -9. Suppose 0 = -v*p + 18 + 14. Suppose -4*g = 3*k - p - 0, 5*g + 2*k - 27 = 0. What is the remainder when g is divided by 4?
3
Let v(w) = -w**2 + 47*w + 113. What is the remainder when v(49) is divided by 1?
0
Let n(i) = 109*i + 13601. What is the remainder when n(-20) is divided by 42?
39
Suppose -4*d + 305 = 13. Suppose -d + 33 = -10*o. Calculate the remainder when 89 is divided by o.
1
Let s = -23 + -6. Suppose -9*y + 3*y = 192. Let x = s - y. Calculate the remainder when 4 is divided by x.
1
Let c = -53 - -56. Suppose 4*p - 395 = -i, 0 = p - c*p - 5*i + 175. Suppose 0*a = -4*a + p. What is the remainder when a is divided by 14?
11
What is the remainder when 8/1*(-18284)/(-224) is divided by 30?
23
Suppose m - 27 = -20, -1376 = -b - 5*m. Calculate the remainder when b is divided by 32.
29
What is the remainder when -10*3/18 + ((-1167815)/51)/(-11) is divided by 40?
0
Let k(v) = 46*v - 1247. Calculate the remainder when 678 is divided by k(32).
3
Suppose 4*k - 135 = -43. Let m be 2/(-6)*1 + (-18821)/(-87). Let n = m + -108. What is the remainder when n is divided by k?
16
Let u(p) = 11*p + 18. Let q be u(-3). Calculate the remainder when 56 is divided by 9 + 4*q/(-10).
11
Let i(x) = 2*x**2 - 31*x + 169. Let f be i(26). Let u = f + -672. What is the remainder when 211 is divided by u?
39
Let r = 4495 - 4492. Let m(u) = -u**3 + 4*u**2 + u + 2. Calculate the remainder when m(3) is divided by r.
2
Let g(m) = -m**3 + 22*m**2 - 33*m - 65. What is the remainder when g(20) is divided by 0 - -24 - (-3 - -8)?
18
Suppose 8*q = 173 - 93. Suppose -36 = q*s - 14*s. What is the remainder when 31 is divided by s?
4
Suppose -5*w = -a - 145, 0 = -5*w - 2*a + 108 + 37. What is the remainder when 920 is divided by w?
21
Let c = 95 - 91. Suppose -u + c = t + 3, u + 3 = 0. Suppose -t*z = -4*b + 244, -z = -b + 4*b - 199. Calculate the remainder when b is divided by 11.
10
Let q = -408 + 399. What is the remainder when 53 is divided by 7 + -6 - (q + -31)?
12
Let s = -19074 - -19167. Calculate the remainder when 280 is divided by s.
1
Suppose -44*d + 632 + 1675 = -2709. Calculate the remainder when 909 is divided by d.
111
Suppose -2*s + 4*j = -2102, j - 1048 = 30*s - 31*s. What is the remainder when s is divided by 50?
49
Let x be (14/4)/((-1)/2). Let r = -3 - x. Suppose -81*c + 25*c + 144 = -80. Calculate the remainder when c is divided by r.
0
Let d = 475 + -438. Suppose -2*o + 9 + d = 4*j, -2*j + 5*o = -5. Calculate the remainder when 26 is divided by j.
6
Suppose 3*d - 6 = 4*l + 3, l - 2*d + 6 = 0. Let x(s) = -2*s**2 - 10*s - 4. Let w be x(-5). Calculate the remainder when 50 is divided by (w - l)*34/(-8).
16
Let i be (-23)/3 + ((-20)/(-12))/(-5). What is the remainder when 28 is divided by 5 - 168/(-32) - 6/i?
6
Suppose -o - 4*b = 4*o - 35, 4*o + 3 = 3*b. Let q be (13 + 374/(-44))*8/6. Suppose -q*m = -o*m - 42. What is the remainder when m is divided by 11?
3
Let m(r) = 11*r**2 + 42*r + 402. What is the remainder when m(-10) is divided by 53?
22
Let h(a) = a**3 - 12*a**2 + 35*a - 39. Let k be h(9). Calculate the remainder when 701 is divided by (-72)/(-396) + 1/(k/2106).
61
Let x(a) = 22*a**2 - 785*a - 105. Calculate the remainder when x(36) is divided by 136.
11
Let c = 5 - 21. Calculate the remainder when ((0 - 3) + c)/(1/(-8)) is divided by 17.
16
Suppose 15298 = 4*y - 2*k, 5*y - 10743 = -4*k + 8412. Calculate the remainder when y is divided by 132.
131
Let g(q) = q**3 + 7*q**2 - q + 4. What is the remainder when g(-6) is divided by ((-95)/15)/((-6137)/6783)?
4
Let u = 700 - 335. Let p = -322 + u. What is the remainder when 83 is divided by p?
40
Suppose 27*k + 7936 - 28591 = 0. Let g = k + -722. Calculate the remainder when g is divided by 12.
7
Let c be ((-36)/(-48))/((-2)/8). Let w be (-3)/(0 - 3) - c. Suppose -132 = -3*q + 2*q + 4*g, w*q - 2*g = 486. Calculate the remainder when q is divided by 31.
27
Let w(r) = -2*r**2 + 72*r - 196. What is the remainder when w(30) is divided by 16?
4
Suppose 0 = -5*v - 420 + 460. What is the remainder when 173 is divided by v?
5
Suppose 2*s + 75 = 7*s. Let t(k) = k**2 + 9*k - 62. Let c(j) = -2*j**3 - 12*j**2 + 16*j. Let x be c(-7). Calculate the remainder when s is divided by t(x).
7
Suppose -394 = -2*v + 22. Let j = -448 + 428. Calculate the remainder when v is divided by ((-5)/3)/(3/(1512/j)).
40
Let g(i) = 10*i**2 - 1. Let r(m) = -6 - 89*m - 4 + 87*m. What is the remainder when g(2) is divided by r(-8)?
3
Let n(o) = -25*o**3 + o**2 + 2*o + 1. Suppose -3*m + 367 = 34*u - 29*u, -4*u + 300 = -4*m. What is the remainder when u is divided by n(-1)?
24
Suppose 2*c = c. Suppose 4*v - 8*v + 608 = c. What is the remainder when v is divided by 11?
9
What is the remainder when (-1668)/(-30)*(-2)/((-14)/245) is divided by 75?
71
Suppose 4*l = l + 27. Suppose 2*y - 17850 = -17600. What is the remainder when y is divided by l?
8
Let y = 2957 + -2153. What is the remainder when y is divided by 166?
140
Suppose 0 = 123*m + 9*m - 792. Calculate the remainder when 8 is divided by m.
2
Suppose 3*a - 2237 = -i, 15*i = -a + 16*i + 739. Calculate the remainder when a is divided by 73.
14
Let j(d) = 523*d - 1554. Let m(n) = -55*n + 2. Calculate the remainder when m(-1) is divided by j(3).
12
Let h = 149 + 289. Suppose -4*g = p - h + 117, -p = -g + 79. What is the remainder when 157 is divided by g?
77
Suppose -5*h - 42*f = -39*f - 549, -8*h - 5*f = -879. Calculate the remainder when 11554 is divided by h.
106
Calculate the remainder when 75 is divided by (26/10 - 2)*80*2/24.
3
Let m(f) = 2*f**3 + 173*f**2 - 92*f - 370. Suppose 2*a = -2*u + 3*a + 52, 67 = 3*u + 4*a. Calculate the remainder when m(-87) is divided by u.
15
Let s = 96373 - 96019. What is the remainder when s is divided by -2 + (-1 - -1) + 91?
87
Suppose 2*m - 2760 = 2*h, 3*h - 5475 = -4*m - 2*h. Suppose -8*g + 33*g = m. What is the remainder when 217 is divided by g?
52
Let k be (158/(-6))/(8 - 190/24). Let q = 95 - k. What is the remainder when q is divided by 59?
57
Let h(i) = 2*i**2 + 8*i + 56. Let y be h(11). Suppose y*n - 27 = 383*n. What is the remainder when 26 is divided by n?
8
Suppose -2*y + 10*y = -6*y + 336. What is the remainder when (-525)/(-12) + (-1)/(-4) is divided by y?
20
Suppose -3674 - 3491 = -5*d. What is the remainder when d is divided by 477?
2
Let p = 103 + -71. Suppose 2*z + 1 - 10 = -z. Calculate the remainder when p is divided by z.
2
Let s = 33 + -11. Suppose -19*y + s*y = -39. Let t = -9 - y. What is the remainder when 15 is divided by t?
3
What is the remainder when 6/7*(-50)/